7*t + 2. Let g(b) = -4*i(b) - 5*z(b). Let r be g(-1). What is the units digit of r/(-30)*-74 + (-1)/3?
0
Let s(x) = 474*x**2 - 4*x + 7. Let q be s(2). Suppose -4*i + 157 = 5*n - 1364, -5*i = 5*n - q. What is the units digit of i?
4
Let q(y) = y - 4. Let t be q(8). Suppose t*b - 13*b = -90. Suppose -5*v - 4*h = -530, 0*h - b = -2*h. What is the tens digit of v?
0
Let u be 3/((210/201)/1 + -1). Let w = 160 + u. Suppose 5*d - w = -3*v + 3*d, -v - 3*d + 64 = 0. What is the tens digit of v?
7
Let v(q) = 6*q - 3*q**2 + q + 4*q + 1 + 5. Let j(n) = -4*n**2 + 90*n - 122. Let s be j(21). What is the units digit of v(s)?
2
Suppose 381*f - f = 37*f + 3140508. What is the tens digit of f?
5
Suppose 21*n - 20*n + 59 = 0. Let t = -209 - n. Let q = -56 - t. What is the tens digit of q?
9
Suppose -672284 - 52950 - 1809650 = -212*z. What is the ten thousands digit of z?
1
Let l(f) = 2*f**3 - 48*f**2 + 15*f + 146. What is the thousands digit of l(28)?
6
Suppose 0 = 536*h - 541*h + 8020. What is the units digit of h?
4
What is the thousands digit of (-5)/(450/(-520758)) - 1/5?
5
Let r be 8 - ((-12)/(-3))/(2*1). Suppose -4*q + 4 = -4*m, -m + 3 - r = -2*q. What is the tens digit of 40/(-15)*(-32 + -2 + m)?
8
Let m = 55 + -125. What is the units digit of (-9443)/m - (-3)/30?
5
Let w be ((-2)/((-2)/(-11)))/(4/(-32)). Let m = w - 84. Suppose a - 4 = -0*a, 596 = m*z + a. What is the hundreds digit of z?
1
Let k be (-4)/(-18) + (-106)/(-9). Let z be (k/(-5))/((-24)/5700). Suppose 7*g - z = g. What is the tens digit of g?
9
Suppose 4*m + 12 = -4*y, 4*m = -5*y + 3*m - 7. Let z be 41/y*9/(-1). Let h = -163 + z. What is the hundreds digit of h?
2
Let w(g) = -2*g**2 - 12*g - 9. Let j be w(-12). Let x = 7 - 10. What is the units digit of 0/(-1) + j/x?
1
Let c(o) = o**2 - 206*o - 101. What is the units digit of c(-68)?
1
Let k = -138 + 147. Suppose -r - 496 = -k*r. What is the tens digit of r?
6
Suppose 5*d - 30 = 20. Suppose -d*u = -3*o - 13*u + 1068, 5*o - 4*u = 1816. What is the units digit of o?
0
Suppose 0 = 3*i - 4*x - 27263, 15*i + 18187 = 17*i - 5*x. What is the hundreds digit of i?
0
Let m(c) = 7477*c**3 - 2*c**2 - 48*c + 49. What is the units digit of m(1)?
6
Suppose d = -5*f + 12, 2*f + 7*d - 3 = 6*d. Suppose -6*s + 1224 = f*s. Suppose 6*l = s + 428. What is the tens digit of l?
9
Let g(c) = -6*c - 31. Let p = -31 + 23. Let u be g(p). What is the units digit of (11 - u)*(-74)/4?
1
Let x = 122 - 119. What is the tens digit of (6 - 2 - 96)*(x + -7)?
6
Let t be (-88)/(-132) + (0 - 31/(-3)). Suppose 0 = 2*w - o - 1281, 0 = 13*w - t*w + 2*o - 1284. What is the units digit of w?
1
Let r(i) = 52*i - 90. Let h be ((-12)/20)/(3/(-180)). What is the units digit of r(h)?
2
Let d(l) = -40*l**3 - 48*l**2 - 244*l + 1. What is the units digit of d(-6)?
7
Suppose -4*d + 190 = 4*w - 9*w, 0 = 5*d + 25. Let g be 267*(12/w - (-20)/21). Suppose 4*p - 114 = g. What is the tens digit of p?
7
Let r be 8/(14/(-63) - 60/(-27)). Let k(t) = 144*t + 89. What is the hundreds digit of k(r)?
6
Let u(v) = 269*v**2 + 10*v + 11. Suppose -2*i + 2*p = -7*i - 3, -3*i = -p + 4. What is the tens digit of u(i)?
7
Let l(m) = -m**2 + 11*m - 2*m**2 + m**2 - 19. Let v be l(10). What is the tens digit of 14/21 - v/3?
3
Let z = 32617 + -11832. What is the thousands digit of z?
0
Suppose -5*x + 12*x = 56. Let o be (108/x)/((-3)/(-4)). What is the tens digit of (-2072)/(-17) - o/(-153)?
2
Let z(r) = 8*r**2 + 74*r + 1497. What is the tens digit of z(-30)?
7
Let l(c) = 3*c**2 - 7*c - 29. Let v(b) = -4*b**2 + 7*b + 30. Let y(x) = -7*l(x) - 6*v(x). Let j be 4*(-2 + -1*2/(-8)). What is the tens digit of y(j)?
2
Let d be 2/7 - 24/(-14). Let y be 986/145 - (-36)/20*-1. Suppose 1 = d*b + 3, -y*n + 36 = -b. What is the units digit of n?
7
Let x(y) = -4*y**2 - 403*y + 10. What is the hundreds digit of x(-88)?
4
Let i(x) = x**3 - x**2 - 8*x - 1. Let n be i(4). Suppose -12 = 9*p - n*p. What is the tens digit of (2 - (-5 + 9))/(p/(-92))?
9
Suppose 0*o = 36*o - 216. What is the units digit of 0/(o + -13) - -759?
9
Let w(z) = -z**2 + 18*z - 33. Let x be -3 - (-4 - 90 - -2). Suppose 7*y - x = -12. What is the units digit of w(y)?
4
Let g be 7/5 + (-9)/(-15). Suppose 5*f = 20, g*c - f = -152 + 460. Let z = 240 - c. What is the units digit of z?
4
Suppose 0*y + 1172976 = -7*y + 35*y. What is the hundreds digit of y?
8
Let a be (-2)/(-1) - -14*(-15)/10. What is the units digit of ((-3532)/2)/(a - -17)?
3
Suppose v - 2592 = -2*h, v + 581 = 2*h - 2019. What is the hundreds digit of h?
2
Let h(c) = -c**2 + 22*c + 35. Let d be h(24). Let a(m) = 3*m**2 + 22*m - 30. Let v be a(d). Let k = 267 - v. What is the units digit of k?
6
Let p be 1*-6 - -1 - 52416/(-48). Let x = p - 98. What is the hundreds digit of x?
9
Let h(m) = -11*m**2 - 3*m - 18. Let j be h(-3). Let r = j + 588. What is the units digit of r?
0
What is the hundreds digit of (3*(-858)/(-18) - 6)*(13 + 1)?
9
Let y(z) = 125*z**2 - 172*z + 1706. What is the tens digit of y(10)?
8
Suppose 3*t - 2061 = 315. Suppose -5*h - 4*w + 771 = -w, 5*h - 4*w = t. What is the hundreds digit of h?
1
Suppose 0 = -31*h + 57496 + 196921. What is the tens digit of h?
0
Suppose -6*a - 11*q = -7*q - 178172, 3*q - 29693 = -a. What is the ten thousands digit of a?
2
Let y(h) = 406*h**2 + 3*h - 8. Let o be y(4). Suppose 88*w - o = 78*w. What is the tens digit of w?
5
Suppose c + 9 = 8. Let k be (41*c/2)/(1/(-96)). What is the tens digit of k/28 - 2/21*3?
7
Let m(d) be the third derivative of -1/20*d**5 + 0 - 15*d**2 + 1/120*d**6 + 0*d + 7/24*d**4 - 3/2*d**3. What is the units digit of m(4)?
5
Suppose -1927 = 11*l - 12*l. Let o = 2882 - l. What is the hundreds digit of o?
9
Let i be 78/(-8) - -9*(-3)/108. Let r(z) = -16*z + 37. What is the tens digit of r(i)?
9
Suppose 2*s + 2118 = 5*b, 3*b - 6*b = 3*s - 1275. What is the hundreds digit of b + 20/(5 - 0)?
4
Suppose -453 = 23*f - 20*f. Let w = f + 633. What is the hundreds digit of w?
4
Suppose 7*k - 9*k - 1990 = -4*n, 3*n - 4*k - 1485 = 0. Let h = -239 + n. What is the hundreds digit of h?
2
Let s = -7878 + 24647. What is the tens digit of s?
6
Suppose z + 44735 = 5*j, -4*z + 0*z + 35788 = 4*j. What is the thousands digit of j?
8
Let i = -1771 + 832. Let n = 1628 + i. What is the units digit of n?
9
What is the tens digit of 2748*52/117*6?
2
Let v = 14293 - 6019. What is the tens digit of v?
7
Let i(x) = -7*x + 354. Let d be i(0). Let o = d + -314. What is the units digit of o?
0
Let c = -67 - -75. Suppose 28 = 4*u - 4*l, 5*l = -5*u - 23 + c. Let d(o) = 122*o + 6. What is the hundreds digit of d(u)?
2
Suppose 364*x - 291082 = 360114. What is the hundreds digit of x?
7
Let u be ((-36)/30 + 2)/(2/(-10)). Suppose 8*j + 5*a - 9 = 11*j, -12 = 4*j - 4*a. What is the units digit of (j + u - -2)/(2/(-58))?
5
Suppose 4*b + 0*c = -c + 851, 2*b - 428 = 2*c. Let o = 208 + b. What is the tens digit of o?
2
Let j = 353 - 316. Suppose -2*t - 2*t = 0. Suppose t = j*c - 32*c - 465. What is the units digit of c?
3
Suppose -1006 = 5*z + 3984. Let d = -637 - z. What is the tens digit of d?
6
Let b be 4/14 + 488/7. Let o(c) = 28*c**2 + 5*c - 1. Let v be o(2). Let j = v - b. What is the tens digit of j?
5
Suppose -19390 + 146133 = 70*t - 42167. What is the hundreds digit of t?
4
Suppose -2*l + 445*m + 60032 = 449*m, -4*l + 4*m + 119992 = 0. What is the units digit of l?
4
Let o = -19 - 15. Let p = 36 + o. What is the tens digit of 0*(6/(-4) + p) + 125?
2
Let x(y) = y**2 - 3*y + 3. Let m be x(3). Suppose m*k = -0*k - 3, 3*g - 4*k = 595. What is the units digit of g?
7
Let k(d) = d**3 - 4*d**2 - 7*d + 10. Let x be k(4). Let u = x - -20. What is the units digit of (-112 - -6)*u/4*-1?
3
What is the units digit of ((-8)/(-10))/((-416)/(-9425260))*2?
1
Let w = 11353 - 11340. What is the units digit of w?
3
Let g be 2462/12 + -3 + (-10)/60*1. Let c = 181 + -254. Let w = g + c. What is the hundreds digit of w?
1
Let k(q) = 4*q**2 - 9*q + 72. Let y be k(6). Let s = 1074 - y. What is the hundreds digit of s?
9
Let g(l) be the third derivative of l**5/10 + l**4/6 - l**3 - l**2. Let b be 630/(-140) + (-2)/(-1*4). What is the units digit of g(b)?
4
What is the units digit of (-28)/(2100/(-467715)) - 6/5?
5
Suppose -4*n = 3*w - 3*n + 452, -8 = 4*n. Let j = w - -290. Let l = 304 - j. W